-673?
-651
In base 9, what is -2 + -14842?
-14844
In base 5, what is 13 + -110111?
-110043
In base 13, what is -45a + 14b?
-30c
In base 14, what is 33 - -4903?
4936
In base 5, what is 10 - -221323?
221333
In base 3, what is -10 - 222112012202?
-222112012212
In base 9, what is 21127 + -1?
21126
In base 15, what is -31e21 + b?
-31e15
In base 7, what is -2320655 - -3?
-2320652
In base 3, what is -20211011200 + 2?
-20211011121
In base 3, what is -2122 + -12020?
-21212
In base 4, what is -2211 - -211?
-2000
In base 2, what is -101 - 10110111101101?
-10110111110010
In base 8, what is 6200 - 2223?
3755
In base 6, what is 43 + -133103?
-133020
In base 3, what is 100002111 - -11021?
100020202
In base 7, what is -34 - 5?
-42
In base 4, what is -10122301 + -300?
-10123201
In base 11, what is 21 + 20?
41
In base 6, what is 202 + -222255?
-222053
In base 10, what is 3534 - 10?
3524
In base 15, what is 3 + bd44b?
bd44e
In base 2, what is 10010111101 + 11100101000?
101111100101
In base 15, what is 0 + e45?
e45
In base 8, what is 5671036 + -5?
5671031
In base 16, what is -4 - cf2?
-cf6
In base 12, what is a65 - -32?
a97
In base 16, what is -3 + -822?
-825
In base 14, what is 137627 + -6?
137621
In base 11, what is -156a86 + -17?
-156aa2
In base 15, what is -43 + 28c6?
2883
In base 8, what is -4623 + -126?
-4751
In base 13, what is 9aa4 + 4?
9aa8
In base 8, what is -1016 + -301?
-1317
In base 14, what is 37d4 - 68?
376a
In base 4, what is 101330013 + 10?
101330023
In base 4, what is 203 + -311001?
-310132
In base 11, what is -63 - 3215?
-3278
In base 2, what is -1101110110 - -111111011?
-101111011
In base 6, what is 24 + -425301?
-425233
In base 3, what is -1 + -2000001000?
-2000001001
In base 8, what is 1705 - -325?
2232
In base 5, what is 20 + 423?
443
In base 11, what is -12008 + -29?
-12036
In base 16, what is -36 - -1a2?
16c
In base 5, what is 3 + -102110?
-102102
In base 9, what is 131 + 250?
381
In base 9, what is -3007 - 15?
-3023
In base 3, what is -2020210201 + 1?
-2020210200
In base 6, what is -135455 + 1403?
-134052
In base 9, what is -500 + 5014?
4414
In base 8, what is 5412 - 1135?
4255
In base 16, what is a - -bd5?
bdf
In base 4, what is 12311122321 - -3?
12311122330
In base 2, what is -11 - -10000111010110000?
10000111010101101
In base 3, what is 1102 + 1220002102?
1220010211
In base 9, what is 30518 - -1?
30520
In base 3, what is 11 - -2022220211?
2022220222
In base 3, what is -12 + 102120122?
102120110
In base 15, what is -20 - 1204?
-1224
In base 12, what is 960904 + 5?
960909
In base 13, what is b5442 - 0?
b5442
In base 16, what is -17cb + 40?
-178b
In base 11, what is -13664 + 14?
-13650
In base 12, what is 26b - 2616?
-2367
In base 4, what is 11 - 23303120?
-23303103
In base 11, what is 1 + -3a6246?
-3a6245
In base 13, what is 5542 + 0?
5542
In base 2, what is -11110011000101111 + 111?
-11110011000101000
In base 5, what is 3 - -111103324?
111103332
In base 3, what is -2 - -100111101?
100111022
In base 15, what is a90 - -1?
a91
In base 3, what is -2100 - -121011010?
121001210
In base 4, what is -1 - 21122212?
-21122213
In base 8, what is 221 + 1203?
1424
In base 4, what is 1 + 331321022?
331321023
In base 12, what is a038 + -5?
a033
In base 16, what is 2b25 + 6?
2b2b
In base 6, what is 113102 - -14?
113120
In base 7, what is -16022 + 611?
-15111
In base 11, what is 53976 - -3?
53979
In base 15, what is -5 - c1d7?
-c1dc
In base 10, what is 64 - 1171?
-1107
In base 15, what is 0 + -1d6c?
-1d6c
In base 13, what is 21 + ab4?
b05
In base 7, what is -11 - -232306?
232265
In base 8, what is -3 + -302530?
-302533
In base 9, what is -183017 - 1?
-183018
In base 5, what is -1 - -22024110?
22024104
In base 6, what is 1514325 - 0?
1514325
In base 16, what is -1d7aa + 0?
-1d7aa
In base 4, what is -30 + -1013133203?
-1013133233
In base 3, what is 1 + 1210210000?
1210210001
In base 11, what is 5 - -2764?
2769
In base 13, what is -1395c21 - 5?
-1395c26
In base 3, what is 2212001 - -11220?
10000221
In base 14, what is dc075 + 6?
dc07b
In base 13, what is 2721b + -23?
271c8
In base 3, what is -12 + -202011210110?
-202011210122
In base 11, what is -2 + a5243?
a5241
In base 8, what is -2615 + -7003?
-11620
In base 6, what is -4 - -115451?
115443
In base 2, what is -1 - -111101001011011?
111101001011010
In base 10, what is 1 - 63302?
-63301
In base 7, what is -12 - -14000?
13655
In base 9, what is 2 - -23187?
23200
In base 11, what is 10 - -25357?
25367
In base 4, what is 2 - 21010033?
-21010031
In base 10, what is 11637 + -4?
11633
In base 9, what is 66 + 805?
872
In base 12, what is -153 + -6b?
-202
In base 11, what is 2787a + 7?
27886
In base 5, what is 21220 - 31?
21134
In base 11, what is 223850 - 1?
22384a
In base 15, what is -120 - 561?
-681
In base 12, what is 5 - 8aa9a?
-8aa95
In base 16, what is 1f4 + 32d?
521
In base 13, what is -773 + 336?
-43a
In base 15, what is -c - 2838?
-2845
In base 8, what is -1 - -140614?
140613
In base 8, what is -200 - 1616?
-2016
In base 16, what is 10e7 + 26?
110d
In base 9, what is -42 + -1?
-43
In base 9, what is 2321 + 606?
3027
In base 4, what is -210 + -11220?
-12030
In base 6, what is -420 - 225?
-1045
In base 12, what is -170 - 1ba3?
-2153
In base 5, what is 2301240 - -4?
2301244
In base 9, what is 467 - -14?
482
In base 12, what is 1a + 466?
484
In base 12, what is -1b - -103b?
1020
In base 14, what is 8a24 + 3?
8a27
In base 3, what is 1102021 - 10102212?
-2000121
In base 12, what is 1 - 84278?
-84277
In base 15, what is -30 + 4ab?
47b
In base 13, what is 5 - -195a3?
195a8
In base 9, what is -3 - -666614?
666611
In base 15, what is -8 - babb?
-bac4
In base 15, what is -4b6 + -1b2?
-678
In base 9, what is 2475 - 20?
2455
In base 11, what is -9a3 + -505?
-13a8
In base 7, what is 11 - -1132025?
1132036
In base 2, what is -10 - 110000010101011?
-110000010101101
In base 10, what is 300 + 127?
427
In base 2, what is 0 + 100011101010?
100011101010
In base 4, what is -1030 + 2210133?
2203103
In base 7, what is -1 - -305251?
305250
In base 10, what is -60 + -17197?
-17257
In base 11, what is -2374 - 7?
-2380
In base 16, what is 9baa + -1?
9ba9
In base 7, what is 66241 - -10?
66251
In base 12, what is -1 - 47a1?
-47a2
In base 7, what is 466210 + -34?
466143
In base 16, what is -b86a + -c?
-b876
In base 5, what is -1 - 1032140?
-1032141
In base 10, what is -242 + -4301?
-4543
In base 13, what is 6 - 95b46?
-95b40
In base 16, what is 1698a - 1?
16989
In base 14, what is -1b + a099?
a07c
In base 12, what is -24a07 + 69?
-2495a
In base 16, what is 1f9 - 9?
1f0
In base 6, what is -250 + 1345?
1055
In base 9, what is 11 + 10568?
10580
In base 4, what is 1210 - 21003?
-13133
In base 7, what is -4264 + 562?
-3402
In base 13, what is -3 + -11?
-14
In base 7, what is -323 - -446?
123
In base 10, what is -66546 - -25?
-66521
In base 4, what is -200111 + -20?
-200131
In base 14, what is -5 + -a127c?
-a1283
In base 16, what is -2ea + -45e?
-748
In base 11, what is 155 - -125?
27a
In base 10, what is 3 + -118605?
-118602
In base 6, what is 4153123 + 4?
4153131
In base 10, what is 0 + -17995?
-17995
In base 11, what is -3 - 163a20?
-163a23
In base 8, what is -1743 - 522?
-2465
In base 7, what is -241650 - -243?
-241404
In base 5, what is 4324241041 - -2?
4324241043
In base 16, what is -a2d5 - 4?
-a2d9
In base 2, what is 11 - -1000101011111110?
1000101100000001
In base 12, what is 1 + 56474a?
56474b
In base 5, what is 2400 - -240?
3140
In base 7, what is -230 + -32314?
-32544
In base 3, what is -11221 - -12002000?
11220002
In base 13, what is 0 - 5464?
-5464
In base 11, what is 24 - -4687?
4700
In base 14, what is -15 + -952?
-967
In base 8, what is -5650 + -462?
-6332
In base 6, what is 4 - -151012?
151020
In base 13, what is -4b30 - 4?
-4b34
In base 10, what is -1191 - -169?
-1022
In base 8, what is 517332 - 4?
517326
In base 6, what is 321304 + -112?
321152
In base 16, what is -a + -29e?
-2a8
In base 5, what is -2 + 124212221?
124212214
In base 11, what is -121 + -199?
-30a
In base 10, what is 1 + 18458?
18459
In base 16, what is c - 7723?
-7717
In base 10, what is -1299 + -1304?
-2603
In base 8, what is 0 + 3534335?
3534335
In base 3, what is -12211 - 111210201?
-112000112
In base 10, what is 1 + -6572?
-6571
In base 16, what is